 Suppose -g + b = -2*g + 3, 2*g - 2*b - z = 0. What is the units digit of g?
3
Suppose -2*c - w = -0*w - 13, 3*w - 7 = 2*c. Suppose c*n - 4 = 0, -2*n = -2*m - 0*n - 2. Suppose m = -3*j + 5*j - 8. What is the units digit of j?
4
Let t(h) = h**3 + 4*h**2 + 3*h + 4. Let m be t(-3). Suppose 0 = 3*u - 5*n + 22, m*n = 5*u - 8 + 36. What is the units digit of 6/u*28/(-6)?
7
Let s(a) = a**2 + 3*a. Let c be s(-5). Suppose -25 - c = -5*v. What is the units digit of v?
7
Suppose 3*l + 6 = l - 2*p, 2*l + p + 1 = 0. Suppose -l - 3 = -s. What is the units digit of s?
5
Let y(g) be the third derivative of -g**6/120 + g**5/6 - g**4/3 + 3*g**2. Let j be y(9). Suppose -12 = 4*c, j = 4*h + 4*c - 7. What is the units digit of h?
7
Let h(t) = -t**2 - t - 11. Let v be h(0). Suppose -3*z - 3*l + 75 = -7*z, 0 = 2*z - 3*l + 45. Let x = v - z. What is the units digit of x?
4
Suppose 6*l + 120 = 9*l. Let n = l + -12. What is the tens digit of n?
2
Let p(z) = 2*z**2 + 3*z + 2. Let a be -2 + (-2 - (-5 + -1)). Let j be (-4 + 5)*(-1 - a). What is the units digit of p(j)?
1
What is the units digit of (-652)/(-44) + 4/22?
5
Let y(t) = 3*t - 18. What is the units digit of y(9)?
9
Let o be (3 + -4)/(3 + -4). What is the units digit of o*4*15/12?
5
Let w be -48*10/4 + 0. Let o be (4/10)/(3/w). Let r = -7 - o. What is the units digit of r?
9
Let b = 131 + -69. What is the units digit of b?
2
Let q(r) = 15*r**2 + r - 3. What is the tens digit of q(2)?
5
Let d = 36 - 0. What is the units digit of d?
6
Suppose -3*y = 2*y - 100. What is the units digit of y?
0
Let q = 5 - -3. Suppose -3*g + 70 - q = k, 2*k - 58 = -3*g. What is the tens digit of g?
2
Let j = 0 - -2. Let h(k) = -11*k**2 - 2*k + 3. Let o(r) = 1. Let b(w) = j*o(w) - h(w). What is the tens digit of b(1)?
1
Let w(d) = -d - 10. Let q be w(0). Let x be 54/q - 2/(-5). Let s = x - -18. What is the units digit of s?
3
What is the tens digit of 0/2 - 2 - (6 - 137)?
2
Suppose -3*o - 4*q + 251 = 0, -220 - 201 = -5*o - 4*q. Suppose 3*l + d = 2*l + 17, -3*d = -5*l + o. What is the tens digit of l?
1
Let d = -14 + 13. Suppose 0 = -3*y + 2*n - 5, 2*n - 6*n = 5*y - 21. What is the units digit of (d - 0)/(y/(-9))?
9
Let p(g) = -g + 4. Let w(j) be the second derivative of -j**5/20 - 5*j**4/12 - 2*j**3/3 + 4*j. Let m be w(-4). What is the units digit of p(m)?
4
Suppose -4 = 4*o - 0. Let x(b) = b**2. Let r be x(o). What is the units digit of r*(6/2 - 2)?
1
Let c(s) = s**3 + 3*s**2 - 4*s + 4. Let p be c(-4). Suppose -p*a + 5*d = -124, -2*d - 3*d + 62 = 2*a. What is the tens digit of a?
3
Suppose -w + 2 = -0*w. What is the units digit of w?
2
Let v = -24 - -14. Let r(x) = x**2 + 14*x - 5. Let a(k) = -k**2 - 15*k + 4. Let y(m) = -3*a(m) - 4*r(m). What is the units digit of y(v)?
8
Suppose s = 6*s - 100. What is the tens digit of s?
2
Let f(b) = -5*b**3 - 6*b**2 + 6*b + 3. Let m(s) = -9*s**3 - 11*s**2 + 11*s + 5. Let t(l) = 7*f(l) - 4*m(l). What is the units digit of t(1)?
2
What is the tens digit of -33*((-9)/15 + 6/(-15))?
3
Let p(n) = -14*n. Suppose -3*m + 14 = -5*w, -m = 5*w + 4 - 2. What is the units digit of p(w)?
4
Let b(p) = -p**3 - 4*p**2 - 4*p + 1. Let i be b(-3). Suppose i = c, 36 = 2*q + 5*c - 2*c. What is the tens digit of q?
1
Suppose 3 = 4*p - 5. What is the units digit of p?
2
Let a(r) = -r**2 + 9*r - 15. Let z be a(6). Suppose 3*o - 18 = -4*t, -o - 8 = z*o. What is the units digit of t?
6
Let l(j) = j - 5. Let u be l(5). Suppose -3*y + 49 + 11 = u. What is the units digit of y?
0
Suppose 0 = 6*t - 5*t - 132. What is the units digit of t?
2
Let t(x) = x**3 + 8*x**2 + 7*x - 2. Let r be t(-6). Suppose r = -0*a + a. Suppose 4*v + 3*c - a = -c, -5*v + 43 = c. What is the units digit of v?
9
Let s be -2 + 3*7/3. Suppose l - 1 = 4*v, -2*l = -s*v - 6*l + 4. Suppose -2*f + v = -32. What is the units digit of f?
6
Let b(t) = -t**3 - 7*t**2 - 5*t + 3. Let v be b(-5). What is the units digit of (-4)/v - (-1314)/33?
0
Let n = 11 + -7. Suppose 0*d - d = n*c + 8, -3*d + 4*c = -8. Suppose -4*f + 80 = -2*b - 2*b, d = -5*b. What is the tens digit of f?
2
Let o(r) = -r + 16. Let l be o(11). Suppose 18 + 47 = l*x. What is the units digit of x?
3
Let f = 2 + -2. Suppose -2*h + 159 = -3*t, 4*h - 119 - 194 = 5*t. Suppose j - 5*j + h = f. What is the units digit of j?
8
Let y = 12 - 13. Let o = 8 + y. What is the units digit of o?
7
Let j(m) = -2*m**3 - 7*m**2 - 10*m - 15. What is the tens digit of j(-5)?
1
Suppose -4*r + s + 745 = 0, 4*r - 3*s = 585 + 170. What is the units digit of r?
5
What is the units digit of (-5)/((-5)/30 + 0)?
0
Suppose 6*u - 4*u - 48 = 0. What is the tens digit of u?
2
Suppose 22 + 46 = 2*r. What is the tens digit of r?
3
Let w(u) = 1 - 5*u + 2*u**2 + 3*u - u**2. Let h = -9 - -7. What is the units digit of w(h)?
9
Suppose 256 = 4*o - 5*s, -319 = -3*o + 5*s - 122. What is the units digit of o?
9
Let l = -5 + 5. Suppose c - 8 + 2 = l. What is the units digit of c?
6
Suppose 266 = 2*i + 66. Suppose b = -4*v + 84, 0 = -3*v - 2*b + i - 42. What is the tens digit of v?
2
Suppose p + 2 = 10. Suppose -p = -2*q - 2. What is the units digit of q?
3
Suppose -6*t + t + 270 = 0. Let q = 77 - t. What is the tens digit of q?
2
Suppose 5*b - 2*b = -12. Let s = 7 + b. Suppose s*z + d - 29 = 2, -27 = -z + 3*d. What is the units digit of z?
2
Let p(s) = -4 - s**2 - 14*s + s + 5*s. What is the units digit of p(-5)?
1
Let p(g) = -3*g + 8. Let n(y) = y - 3. Let o(d) = 8*n(d) + 3*p(d). Let u be o(-3). Let f = u + 3. What is the units digit of f?
6
Let l = -312 - -497. What is the tens digit of l?
8
Let k(i) = i**3 - 2*i**2 + 1. Suppose -2*b + 15 = 3*b. What is the tens digit of k(b)?
1
Let s = -142 + 272. Suppose -s = 3*z + 2*z. Let c = z + 36. What is the units digit of c?
0
Let i(a) = a**2 - 11*a - 1. Let j be i(11). Let y be -4 - -2 - (-54 - j). Suppose -m - 34 = -2*g + 2*m, -y = -3*g + 5*m. What is the tens digit of g?
1
Suppose 0 = -0*t - 3*t + 384. Suppose -22 = -5*j + t. What is the tens digit of j?
3
Suppose -4*u + 4*y + 88 = -0*u, -3*u - 2*y + 66 = 0. What is the units digit of u?
2
Suppose 0*q = 4*q - 12. Suppose -2*k = -3*n + 2 - 30, q*n = -4*k + 56. What is the units digit of k?
4
Let q(v) = -4*v**3 - 2*v**2 - 2*v - 1. Let k = -3 - -4. Suppose y + 0 + k = 0. What is the units digit of q(y)?
3
Suppose -4*m - f + 604 + 523 = 0, 3*m - 864 = 3*f. What is the tens digit of m?
8
Let q be 18/(-4)*(-42)/63. Suppose -o + 4*p + q = 0, p = 4*p. What is the units digit of o?
3
Let v be (-3)/(-3)*2 - 2. Suppose v = i - 4*i - 18. What is the units digit of (-26)/i + (-2)/6?
4
Suppose 0 = -j + 2*j - 25. Suppose 5*o = 4*i + j, i + 3*i - 20 = 0. What is the units digit of o?
9
Let t be (3 - -1) + (2 - 1). Let i be (-1)/(9/6 - 2). Suppose 0*h = i*z - 2*h - 4, -t*h = -3*z. What is the units digit of z?
5
Suppose -5*w + i + 665 = 0, -3*i + 288 = 2*w + i. What is the units digit of w?
4
Let t(f) = -f**3 + f**2 + 16. Let h(j) = 4*j**2 - 4*j**2 + 0*j**2 + 1 - j**3. Let l be h(1). What is the units digit of t(l)?
6
Let a = -64 - -98. What is the tens digit of a?
3
Suppose 4*c = -0*d - 5*d + 784, -16 = -4*d. What is the hundreds digit of c?
1
Let j(z) = z**3 - 2*z**2 - 4*z + 4. What is the units digit of j(4)?
0
What is the units digit of 3*(1986/18 + 3)?
0
Let b be 10/(-4)*(-6)/(-5). What is the tens digit of (-2)/(b + 80/28)?
1
Let q(l) = 5*l - 14. Let h(c) = 11*c - 27. Let y(b) = 6*h(b) - 13*q(b). Let k be 37/(-4) - 2/(-8). What is the units digit of y(k)?
1
Suppose -2*u = -4 - 4. What is the units digit of u?
4
Let t(n) = n**2 + 6*n - 9. What is the units digit of t(3)?
8
Suppose 0 = 2*l - 7*l - 5, -3*u + 113 = 4*l. Suppose -5*g + u = -36. Let h = 26 - g. What is the units digit of h?
1
Suppose 6 = 5*b - 3*b. Suppose p = b + 6. What is the units digit of p?
9
Let j(d) = d**2 + 5*d - 4. Suppose g + 4*g = 2*o + 2, -2*o + g - 10 = 0. Let x be j(o). Suppose -x*p = p - 24. What is the units digit of p?
8
Let h(b) = b**3 + 13*b**2 + 13*b + 14. Let x be h(-12). Suppose 0 = 5*c - 7*c + x. What is the units digit of c?
1
Let p(t) = t**2 + 2*t - 1. Let o be p(1). What is the units digit of o - 2 - (-24)/2?
2
Suppose -5*u - 29 = -z, -28 = -z + 3*u + 9. What is the units digit of z?
9
Suppose 11*x = 6*x + 420. What is the tens digit of x?
8
Suppose 0 = -5*k - 5*d